{"id":2617,"date":"2017-09-28T18:05:18","date_gmt":"2017-09-28T17:05:18","guid":{"rendered":"http:\/\/tenislastorres.com\/tenis\/?page_id=2617"},"modified":"2025-07-31T08:54:47","modified_gmt":"2025-07-31T07:54:47","slug":"clasificacion-2016","status":"publish","type":"page","link":"https:\/\/tenislastorres.com\/tenis\/clasificacion-2016\/","title":{"rendered":"clasificaci\u00f3n 2016"},"content":{"rendered":"<table width=\"331\">\n<tbody>\n<tr>\n<td style=\"text-align: center;\" width=\"35\"><strong>N\u00ba<\/strong><\/td>\n<td style=\"text-align: center;\" width=\"232\"><strong>JUGADOR<\/strong><\/td>\n<td style=\"text-align: center;\" width=\"64\"><strong>Total Ptos.<\/strong><\/td>\n<\/tr>\n<tr>\n<td style=\"text-align: center;\">1<\/td>\n<td style=\"text-align: center;\">ABEL GARCIA LOPEZ<\/td>\n<td style=\"text-align: center;\">227<\/td>\n<\/tr>\n<tr>\n<td style=\"text-align: center;\">2<\/td>\n<td style=\"text-align: center;\">JUAN SALVADOR PARRAGA<\/td>\n<td style=\"text-align: center;\">214<\/td>\n<\/tr>\n<tr>\n<td style=\"text-align: center;\">3<\/td>\n<td style=\"text-align: center;\">FCO. GINES INIESTA MAYOL<\/td>\n<td style=\"text-align: center;\">207<\/td>\n<\/tr>\n<tr>\n<td style=\"text-align: center;\">4<\/td>\n<td style=\"text-align: center;\">MANOLO NAVARRO LIDON<\/td>\n<td style=\"text-align: center;\">206<\/td>\n<\/tr>\n<tr>\n<td style=\"text-align: center;\">5<\/td>\n<td style=\"text-align: center;\">JUSTO MU\u00d1OZ MENGUAL<\/td>\n<td style=\"text-align: center;\">202<\/td>\n<\/tr>\n<tr>\n<td style=\"text-align: center;\">6<\/td>\n<td style=\"text-align: center;\">JOSE TOMAS BLAYA VIVO<\/td>\n<td style=\"text-align: center;\">200<\/td>\n<\/tr>\n<tr>\n<td style=\"text-align: center;\">6<\/td>\n<td style=\"text-align: center;\">ROMAN MARTI DIAZ<\/td>\n<td style=\"text-align: center;\">200<\/td>\n<\/tr>\n<tr>\n<td style=\"text-align: center;\">8<\/td>\n<td style=\"text-align: center;\">ALFONSO GAMBIN G\u00d3MEZ<\/td>\n<td style=\"text-align: center;\">194<\/td>\n<\/tr>\n<tr>\n<td style=\"text-align: center;\">8<\/td>\n<td style=\"text-align: center;\">PACO RUIZ SANCHEZ<\/td>\n<td style=\"text-align: center;\">194<\/td>\n<\/tr>\n<tr>\n<td style=\"text-align: center;\">10<\/td>\n<td style=\"text-align: center;\">PASCUAL MERO\u00d1O MARTINEZ<\/td>\n<td style=\"text-align: center;\">183<\/td>\n<\/tr>\n<tr>\n<td style=\"text-align: center;\">11<\/td>\n<td style=\"text-align: center;\">BARTOLO OT\u00c1LORA ALVAREZ<\/td>\n<td style=\"text-align: center;\">182<\/td>\n<\/tr>\n<tr>\n<td style=\"text-align: center;\">12<\/td>\n<td style=\"text-align: center;\">JOSE CARLOS RICO REQUENA<\/td>\n<td style=\"text-align: center;\">178<\/td>\n<\/tr>\n<tr>\n<td style=\"text-align: center;\">13<\/td>\n<td style=\"text-align: center;\">JOSE LUIS GOMEZ NICOL\u00c1S<\/td>\n<td style=\"text-align: center;\">176<\/td>\n<\/tr>\n<tr>\n<td style=\"text-align: center;\">14<\/td>\n<td style=\"text-align: center;\">DANIEL CA\u00d1ETE CONEJERO<\/td>\n<td style=\"text-align: center;\">172<\/td>\n<\/tr>\n<tr>\n<td style=\"text-align: center;\">15<\/td>\n<td style=\"text-align: center;\">PACO LOPEZ PLANES<\/td>\n<td style=\"text-align: center;\">171<\/td>\n<\/tr>\n<tr>\n<td style=\"text-align: center;\">16<\/td>\n<td style=\"text-align: center;\">PEPE MARTINEZ NAVARRO<\/td>\n<td style=\"text-align: center;\">170<\/td>\n<\/tr>\n<tr>\n<td style=\"text-align: center;\">17<\/td>\n<td style=\"text-align: center;\">ANGEL ABELLAN SERRANO<\/td>\n<td style=\"text-align: center;\">169<\/td>\n<\/tr>\n<tr>\n<td style=\"text-align: center;\">18<\/td>\n<td style=\"text-align: center;\">LUIS FERNANDEZ CORBAL\u00c1N<\/td>\n<td style=\"text-align: center;\">163<\/td>\n<\/tr>\n<tr>\n<td style=\"text-align: center;\">19<\/td>\n<td style=\"text-align: center;\">NACHO ALIAGA ORTOLA<\/td>\n<td style=\"text-align: center;\">153<\/td>\n<\/tr>\n<tr>\n<td style=\"text-align: center;\">19<\/td>\n<td style=\"text-align: center;\">VICTOR RONCERO<\/td>\n<td style=\"text-align: center;\">153<\/td>\n<\/tr>\n<tr>\n<td style=\"text-align: center;\">21<\/td>\n<td style=\"text-align: center;\">LORENZO JIMENEZ HDEZ.<\/td>\n<td style=\"text-align: center;\">149<\/td>\n<\/tr>\n<tr>\n<td style=\"text-align: center;\">22<\/td>\n<td style=\"text-align: center;\">JOSE ANTONIO DOLERA BA\u00d1O<\/td>\n<td style=\"text-align: center;\">147<\/td>\n<\/tr>\n<tr>\n<td style=\"text-align: center;\">23<\/td>\n<td style=\"text-align: center;\">JESUS MIGUEL CARAVACA<\/td>\n<td style=\"text-align: center;\">141<\/td>\n<\/tr>\n<tr>\n<td style=\"text-align: center;\">24<\/td>\n<td style=\"text-align: center;\">SILVIO A. CARRILLO<\/td>\n<td style=\"text-align: center;\">140<\/td>\n<\/tr>\n<tr>\n<td style=\"text-align: center;\">25<\/td>\n<td style=\"text-align: center;\">JOSE IGNACIO MARTINEZ<\/td>\n<td style=\"text-align: center;\">139<\/td>\n<\/tr>\n<tr>\n<td style=\"text-align: center;\">26<\/td>\n<td style=\"text-align: center;\">CESAR ORTEGA MARTINEZ<\/td>\n<td style=\"text-align: center;\">128<\/td>\n<\/tr>\n<tr>\n<td style=\"text-align: center;\">27<\/td>\n<td style=\"text-align: center;\">GINES PERNIAS BERMUDEZ<\/td>\n<td style=\"text-align: center;\">126<\/td>\n<\/tr>\n<tr>\n<td style=\"text-align: center;\">28<\/td>\n<td style=\"text-align: center;\">FCO. JAVIER ALC\u00c1ZAR<\/td>\n<td style=\"text-align: center;\">125<\/td>\n<\/tr>\n<tr>\n<td style=\"text-align: center;\">29<\/td>\n<td style=\"text-align: center;\">FRANCISCO HERNANDEZ AND.<\/td>\n<td style=\"text-align: center;\">121<\/td>\n<\/tr>\n<tr>\n<td style=\"text-align: center;\">30<\/td>\n<td style=\"text-align: center;\">PABLO LEANTE CASTELLANO<\/td>\n<td style=\"text-align: center;\">120<\/td>\n<\/tr>\n<tr>\n<td style=\"text-align: center;\">31<\/td>\n<td style=\"text-align: center;\">CARLOS SANDOVAL RUIZ<\/td>\n<td style=\"text-align: center;\">116<\/td>\n<\/tr>\n<tr>\n<td style=\"text-align: center;\">32<\/td>\n<td style=\"text-align: center;\">AGUSTIN C\u00c1NOVAS<\/td>\n<td style=\"text-align: center;\">114<\/td>\n<\/tr>\n<tr>\n<td style=\"text-align: center;\">32<\/td>\n<td style=\"text-align: center;\">FCO. JAVIER MOLT\u00d3<\/td>\n<td style=\"text-align: center;\">114<\/td>\n<\/tr>\n<tr>\n<td style=\"text-align: center;\">32<\/td>\n<td style=\"text-align: center;\">JOSE ANTONIO FUENTES BAEZA<\/td>\n<td style=\"text-align: center;\">114<\/td>\n<\/tr>\n<tr>\n<td style=\"text-align: center;\">32<\/td>\n<td style=\"text-align: center;\">ROBERTO CARLOS ESPINOSA<\/td>\n<td style=\"text-align: center;\">114<\/td>\n<\/tr>\n<tr>\n<td style=\"text-align: center;\">36<\/td>\n<td style=\"text-align: center;\">ANTONIO FCO. MARTINEZ DOL.<\/td>\n<td style=\"text-align: center;\">112<\/td>\n<\/tr>\n<tr>\n<td style=\"text-align: center;\">37<\/td>\n<td style=\"text-align: center;\">EDUARDO BALLESTA MATA<\/td>\n<td style=\"text-align: center;\">111<\/td>\n<\/tr>\n<tr>\n<td style=\"text-align: center;\">38<\/td>\n<td style=\"text-align: center;\">JAVIER ORTIZ GARCIA<\/td>\n<td style=\"text-align: center;\">109<\/td>\n<\/tr>\n<tr>\n<td style=\"text-align: center;\">39<\/td>\n<td style=\"text-align: center;\">JOSE LUIS LEANTE CASTELLANO<\/td>\n<td style=\"text-align: center;\">108<\/td>\n<\/tr>\n<tr>\n<td style=\"text-align: center;\">40<\/td>\n<td style=\"text-align: center;\">FCO.JOS\u00c9 BREIS L\u00d3PEZ<\/td>\n<td style=\"text-align: center;\">107<\/td>\n<\/tr>\n<tr>\n<td style=\"text-align: center;\">41<\/td>\n<td style=\"text-align: center;\">FULGENCIO VICENTE MOLINA<\/td>\n<td style=\"text-align: center;\">102<\/td>\n<\/tr>\n<tr>\n<td style=\"text-align: center;\">42<\/td>\n<td style=\"text-align: center;\">ALBERTO CASTILLO PONCE<\/td>\n<td style=\"text-align: center;\">100<\/td>\n<\/tr>\n<tr>\n<td style=\"text-align: center;\">42<\/td>\n<td style=\"text-align: center;\">MIGUEL PAY TORREGROSA<\/td>\n<td style=\"text-align: center;\">100<\/td>\n<\/tr>\n<tr>\n<td style=\"text-align: center;\">44<\/td>\n<td style=\"text-align: center;\">CANDIDO OSSORIO DE LA PARTE<\/td>\n<td style=\"text-align: center;\">99<\/td>\n<\/tr>\n<tr>\n<td style=\"text-align: center;\">45<\/td>\n<td style=\"text-align: center;\">JOSE ANTONIO GIL PAG\u00c1N<\/td>\n<td style=\"text-align: center;\">96<\/td>\n<\/tr>\n<tr>\n<td style=\"text-align: center;\">46<\/td>\n<td style=\"text-align: center;\">JOSE L\u00d3PEZ BALIBREA<\/td>\n<td style=\"text-align: center;\">95<\/td>\n<\/tr>\n<tr>\n<td style=\"text-align: center;\">47<\/td>\n<td style=\"text-align: center;\">ANTONIO BARQUERO SANCHEZ<\/td>\n<td style=\"text-align: center;\">94<\/td>\n<\/tr>\n<tr>\n<td style=\"text-align: center;\">47<\/td>\n<td style=\"text-align: center;\">JESUS BERMEJO MONTORO<\/td>\n<td style=\"text-align: center;\">94<\/td>\n<\/tr>\n<tr>\n<td style=\"text-align: center;\">49<\/td>\n<td style=\"text-align: center;\">SERGIO MART\u00cd SORIANO<\/td>\n<td style=\"text-align: center;\">92<\/td>\n<\/tr>\n<tr>\n<td style=\"text-align: center;\">50<\/td>\n<td style=\"text-align: center;\">PEDRO ANGEL SALES MTEZ.<\/td>\n<td style=\"text-align: center;\">91<\/td>\n<\/tr>\n<tr>\n<td style=\"text-align: center;\">51<\/td>\n<td style=\"text-align: center;\">DANIEL TEVAR TEVAR<\/td>\n<td style=\"text-align: center;\">87<\/td>\n<\/tr>\n<tr>\n<td style=\"text-align: center;\">52<\/td>\n<td style=\"text-align: center;\">ROQUE GUILLEN PEREZ<\/td>\n<td style=\"text-align: center;\">86<\/td>\n<\/tr>\n<tr>\n<td style=\"text-align: center;\">53<\/td>\n<td style=\"text-align: center;\">ANTONIO FUENTES MARTINEZ<\/td>\n<td style=\"text-align: center;\">85<\/td>\n<\/tr>\n<tr>\n<td style=\"text-align: center;\">53<\/td>\n<td style=\"text-align: center;\">EUSTAQUIO CASCALES FLOREN<\/td>\n<td style=\"text-align: center;\">85<\/td>\n<\/tr>\n<tr>\n<td style=\"text-align: center;\">53<\/td>\n<td style=\"text-align: center;\">PEDRO JOS\u00c9 ORTU\u00d1O CAMPILLO<\/td>\n<td style=\"text-align: center;\">85<\/td>\n<\/tr>\n<tr>\n<td style=\"text-align: center;\">56<\/td>\n<td style=\"text-align: center;\">JOSE ANTONIO CONTRERAS<\/td>\n<td style=\"text-align: center;\">84<\/td>\n<\/tr>\n<tr>\n<td style=\"text-align: center;\">57<\/td>\n<td style=\"text-align: center;\">JOSE GAMB\u00cdN BELTRAN<\/td>\n<td style=\"text-align: center;\">80<\/td>\n<\/tr>\n<tr>\n<td style=\"text-align: center;\">57<\/td>\n<td style=\"text-align: center;\">JOSE LUIS MENDOZA GLEZ.<\/td>\n<td style=\"text-align: center;\">80<\/td>\n<\/tr>\n<tr>\n<td style=\"text-align: center;\">59<\/td>\n<td style=\"text-align: center;\">JOSE CARLOS SAMPER PARDO<\/td>\n<td style=\"text-align: center;\">78<\/td>\n<\/tr>\n<tr>\n<td style=\"text-align: center;\">60<\/td>\n<td style=\"text-align: center;\">ISIDORO JESUS CASANOVA<\/td>\n<td style=\"text-align: center;\">77<\/td>\n<\/tr>\n<tr>\n<td style=\"text-align: center;\">60<\/td>\n<td style=\"text-align: center;\">SERGIO ROMERO PIQUERAS<\/td>\n<td style=\"text-align: center;\">77<\/td>\n<\/tr>\n<tr>\n<td style=\"text-align: center;\">62<\/td>\n<td style=\"text-align: center;\">JOSE BARQUERO BELTRAN<\/td>\n<td style=\"text-align: center;\">76<\/td>\n<\/tr>\n<tr>\n<td style=\"text-align: center;\">63<\/td>\n<td style=\"text-align: center;\">MARIANO SAMPER PARDO<\/td>\n<td style=\"text-align: center;\">75<\/td>\n<\/tr>\n<tr>\n<td style=\"text-align: center;\">63<\/td>\n<td style=\"text-align: center;\">PACO ROS GOMEZ<\/td>\n<td style=\"text-align: center;\">75<\/td>\n<\/tr>\n<tr>\n<td style=\"text-align: center;\">65<\/td>\n<td style=\"text-align: center;\">JOSE ANTONIO GRANADOS<\/td>\n<td style=\"text-align: center;\">74<\/td>\n<\/tr>\n<tr>\n<td style=\"text-align: center;\">66<\/td>\n<td style=\"text-align: center;\">JESUS BARQUILLA ARIAS<\/td>\n<td style=\"text-align: center;\">71<\/td>\n<\/tr>\n<tr>\n<td style=\"text-align: center;\">66<\/td>\n<td style=\"text-align: center;\">JUAN ANTONIO ESPARZA SOTO<\/td>\n<td style=\"text-align: center;\">71<\/td>\n<\/tr>\n<tr>\n<td style=\"text-align: center;\">68<\/td>\n<td style=\"text-align: center;\">JESUS DOLERA CONTRERAS<\/td>\n<td style=\"text-align: center;\">70<\/td>\n<\/tr>\n<tr>\n<td style=\"text-align: center;\">69<\/td>\n<td style=\"text-align: center;\">DAMIAN S\u00c1NCHEZ<\/td>\n<td style=\"text-align: center;\">69<\/td>\n<\/tr>\n<tr>\n<td style=\"text-align: center;\">69<\/td>\n<td style=\"text-align: center;\">MANUEL MTEZ. MARTINEZ<\/td>\n<td style=\"text-align: center;\">69<\/td>\n<\/tr>\n<tr>\n<td style=\"text-align: center;\">71<\/td>\n<td style=\"text-align: center;\">SERGIO L\u00d3PEZ RUIZ<\/td>\n<td style=\"text-align: center;\">67<\/td>\n<\/tr>\n<tr>\n<td style=\"text-align: center;\">71<\/td>\n<td style=\"text-align: center;\">VICTOR MANUEL N\u00da\u00d1EZ<\/td>\n<td style=\"text-align: center;\">67<\/td>\n<\/tr>\n<tr>\n<td style=\"text-align: center;\">73<\/td>\n<td style=\"text-align: center;\">JOSE MANUEL PAREJO<\/td>\n<td style=\"text-align: center;\">66<\/td>\n<\/tr>\n<tr>\n<td style=\"text-align: center;\">74<\/td>\n<td style=\"text-align: center;\">SERGIO BELDA CARAVACA<\/td>\n<td style=\"text-align: center;\">65<\/td>\n<\/tr>\n<tr>\n<td style=\"text-align: center;\">75<\/td>\n<td style=\"text-align: center;\">JUAN JOSE SANCHEZ<\/td>\n<td style=\"text-align: center;\">63<\/td>\n<\/tr>\n<tr>\n<td style=\"text-align: center;\">76<\/td>\n<td style=\"text-align: center;\">ANTONIO REVENGA\u00a0<\/td>\n<td style=\"text-align: center;\">61<\/td>\n<\/tr>\n<tr>\n<td style=\"text-align: center;\">77<\/td>\n<td style=\"text-align: center;\">OLEGARIO BREIS DE LOS SANT.<\/td>\n<td style=\"text-align: center;\">58<\/td>\n<\/tr>\n<tr>\n<td style=\"text-align: center;\">78<\/td>\n<td style=\"text-align: center;\">ANDRES CAMACHO BARQUERO<\/td>\n<td style=\"text-align: center;\">57<\/td>\n<\/tr>\n<tr>\n<td style=\"text-align: center;\">79<\/td>\n<td style=\"text-align: center;\">DAVID MARIN JIMENEZ<\/td>\n<td style=\"text-align: center;\">57<\/td>\n<\/tr>\n<tr>\n<td style=\"text-align: center;\">79<\/td>\n<td style=\"text-align: center;\">EDUARDO LOPEZ NAVARRO<\/td>\n<td style=\"text-align: center;\">56<\/td>\n<\/tr>\n<tr>\n<td style=\"text-align: center;\">81<\/td>\n<td style=\"text-align: center;\">PEPE VICENTE VICENTE<\/td>\n<td style=\"text-align: center;\">56<\/td>\n<\/tr>\n<tr>\n<td style=\"text-align: center;\">82<\/td>\n<td style=\"text-align: center;\">JOSE SERNA FERNANDEZ<\/td>\n<td style=\"text-align: center;\">55<\/td>\n<\/tr>\n<tr>\n<td style=\"text-align: center;\">83<\/td>\n<td style=\"text-align: center;\">JORGE PE\u00d1AS COLOMINA<\/td>\n<td style=\"text-align: center;\">54<\/td>\n<\/tr>\n<tr>\n<td style=\"text-align: center;\">84<\/td>\n<td style=\"text-align: center;\">DAVID PABLO GARRIDO<\/td>\n<td style=\"text-align: center;\">53<\/td>\n<\/tr>\n<tr>\n<td style=\"text-align: center;\">84<\/td>\n<td style=\"text-align: center;\">FCO.JOSE PUJANTE NOGUERA<\/td>\n<td style=\"text-align: center;\">53<\/td>\n<\/tr>\n<tr>\n<td style=\"text-align: center;\">86<\/td>\n<td style=\"text-align: center;\">ANTONIO LUQUE MUELAS<\/td>\n<td style=\"text-align: center;\">52<\/td>\n<\/tr>\n<tr>\n<td style=\"text-align: center;\">87<\/td>\n<td style=\"text-align: center;\">EUSTAQUIO CASCALES GARCIA<\/td>\n<td style=\"text-align: center;\">50<\/td>\n<\/tr>\n<tr>\n<td style=\"text-align: center;\">88<\/td>\n<td style=\"text-align: center;\">DANIEL MARTINEZ GARCIA<\/td>\n<td style=\"text-align: center;\">47<\/td>\n<\/tr>\n<tr>\n<td style=\"text-align: center;\">89<\/td>\n<td style=\"text-align: center;\">JOSE TOMAS CAPEL<\/td>\n<td style=\"text-align: center;\">44<\/td>\n<\/tr>\n<tr>\n<td style=\"text-align: center;\">90<\/td>\n<td style=\"text-align: center;\">RAUL NAVARRO<\/td>\n<td style=\"text-align: center;\">42<\/td>\n<\/tr>\n<tr>\n<td style=\"text-align: center;\">90<\/td>\n<td style=\"text-align: center;\">JULIAN CEACERO BAUTISTA<\/td>\n<td style=\"text-align: center;\">42<\/td>\n<\/tr>\n<tr>\n<td style=\"text-align: center;\">92<\/td>\n<td style=\"text-align: center;\">RAIMUNDO MORALES<\/td>\n<td style=\"text-align: center;\">41<\/td>\n<\/tr>\n<tr>\n<td style=\"text-align: center;\">92<\/td>\n<td style=\"text-align: center;\">JUAN CARLOS PEREZ LOPEZ<\/td>\n<td style=\"text-align: center;\">41<\/td>\n<\/tr>\n<tr>\n<td style=\"text-align: center;\">92<\/td>\n<td style=\"text-align: center;\">ONOFRE GONZALEZ LLAMAS<\/td>\n<td style=\"text-align: center;\">41<\/td>\n<\/tr>\n<tr>\n<td style=\"text-align: center;\">95<\/td>\n<td style=\"text-align: center;\">SERGIO PAY MI\u00d1ANO<\/td>\n<td style=\"text-align: center;\">39<\/td>\n<\/tr>\n<tr>\n<td style=\"text-align: center;\">96<\/td>\n<td style=\"text-align: center;\">JESUS GOMEZ MOLINA<\/td>\n<td style=\"text-align: center;\">38<\/td>\n<\/tr>\n<tr>\n<td style=\"text-align: center;\">96<\/td>\n<td style=\"text-align: center;\">JULIO LOPEZ LLAMAS<\/td>\n<td style=\"text-align: center;\">38<\/td>\n<\/tr>\n<tr>\n<td style=\"text-align: center;\">96<\/td>\n<td style=\"text-align: center;\">MIGUEL GONZ\u00c1LEZ ROSA<\/td>\n<td style=\"text-align: center;\">38<\/td>\n<\/tr>\n<tr>\n<td style=\"text-align: center;\">99<\/td>\n<td style=\"text-align: center;\">DANIEL G\u00d3MEZ MAR\u00cdN<\/td>\n<td style=\"text-align: center;\">37<\/td>\n<\/tr>\n<tr>\n<td style=\"text-align: center;\">100<\/td>\n<td style=\"text-align: center;\">ANTONIO ALMAGRO<\/td>\n<td style=\"text-align: center;\">36<\/td>\n<\/tr>\n<tr>\n<td style=\"text-align: center;\">100<\/td>\n<td style=\"text-align: center;\">JOAQUIN MORENO<\/td>\n<td style=\"text-align: center;\">36<\/td>\n<\/tr>\n<tr>\n<td style=\"text-align: center;\">100<\/td>\n<td style=\"text-align: center;\">JUAN CARLOS JIMENEZ<\/td>\n<td style=\"text-align: center;\">36<\/td>\n<\/tr>\n<tr>\n<td style=\"text-align: center;\">103<\/td>\n<td style=\"text-align: center;\">GINES HIDALGO BRAO<\/td>\n<td style=\"text-align: center;\">35<\/td>\n<\/tr>\n<tr>\n<td style=\"text-align: center;\">103<\/td>\n<td style=\"text-align: center;\">PEDRO CABRERA CONTRERAS<\/td>\n<td style=\"text-align: center;\">35<\/td>\n<\/tr>\n<tr>\n<td style=\"text-align: center;\">103<\/td>\n<td style=\"text-align: center;\">SERGIO CEREZO<\/td>\n<td style=\"text-align: center;\">35<\/td>\n<\/tr>\n<tr>\n<td style=\"text-align: center;\">106<\/td>\n<td style=\"text-align: center;\">GREGORIO MAR\u00cdN NAVARRO<\/td>\n<td style=\"text-align: center;\">33<\/td>\n<\/tr>\n<tr>\n<td style=\"text-align: center;\">106<\/td>\n<td style=\"text-align: center;\">JAVIER PUJOL OLIVA<\/td>\n<td style=\"text-align: center;\">33<\/td>\n<\/tr>\n<tr>\n<td style=\"text-align: center;\">108<\/td>\n<td style=\"text-align: center;\">DAVID SAMPER O\u00d1ATE<\/td>\n<td style=\"text-align: center;\">32<\/td>\n<\/tr>\n<tr>\n<td style=\"text-align: center;\">108<\/td>\n<td style=\"text-align: center;\">JULIAN GOMEZ MARTINEZ<\/td>\n<td style=\"text-align: center;\">32<\/td>\n<\/tr>\n<tr>\n<td style=\"text-align: center;\">110<\/td>\n<td style=\"text-align: center;\">LUIS FERNANDEZ LOPEZ<\/td>\n<td style=\"text-align: center;\">31<\/td>\n<\/tr>\n<tr>\n<td style=\"text-align: center;\">111<\/td>\n<td style=\"text-align: center;\">ANTONIO L\u00d3PEZ<\/td>\n<td style=\"text-align: center;\">27<\/td>\n<\/tr>\n<tr>\n<td style=\"text-align: center;\">111<\/td>\n<td style=\"text-align: center;\">JAVIER JAEN VIDAL<\/td>\n<td style=\"text-align: center;\">27<\/td>\n<\/tr>\n<tr>\n<td style=\"text-align: center;\">111<\/td>\n<td style=\"text-align: center;\">SERGIO GUERRERO<\/td>\n<td style=\"text-align: center;\">27<\/td>\n<\/tr>\n<tr>\n<td style=\"text-align: center;\">114<\/td>\n<td style=\"text-align: center;\">MIGUEL MOLINA SARABIA<\/td>\n<td style=\"text-align: center;\">26<\/td>\n<\/tr>\n<tr>\n<td style=\"text-align: center;\">115<\/td>\n<td style=\"text-align: center;\">PEPE FERNANDEZ SANCHEZ<\/td>\n<td style=\"text-align: center;\">25<\/td>\n<\/tr>\n<tr>\n<td style=\"text-align: center;\">116<\/td>\n<td style=\"text-align: center;\">JUAN PEDRO MTEZ. DOMINGO<\/td>\n<td style=\"text-align: center;\">24<\/td>\n<\/tr>\n<tr>\n<td style=\"text-align: center;\">117<\/td>\n<td style=\"text-align: center;\">ALBERTO L\u00d3PEZ\u00a0<\/td>\n<td style=\"text-align: center;\">22<\/td>\n<\/tr>\n<tr>\n<td style=\"text-align: center;\">117<\/td>\n<td style=\"text-align: center;\">EMILIO MART\u00cdNEZ BOX<\/td>\n<td style=\"text-align: center;\">22<\/td>\n<\/tr>\n<tr>\n<td style=\"text-align: center;\">119<\/td>\n<td style=\"text-align: center;\">CIPRIANO GARCIA HERNANDEZ<\/td>\n<td style=\"text-align: center;\">20<\/td>\n<\/tr>\n<tr>\n<td style=\"text-align: center;\">120<\/td>\n<td style=\"text-align: center;\">SARMITE LUDBORZA<\/td>\n<td style=\"text-align: center;\">19<\/td>\n<\/tr>\n<tr>\n<td style=\"text-align: center;\">121<\/td>\n<td style=\"text-align: center;\">GUSTAVO GUTI\u00c9RREZ<\/td>\n<td style=\"text-align: center;\">18<\/td>\n<\/tr>\n<tr>\n<td style=\"text-align: center;\">121<\/td>\n<td style=\"text-align: center;\">RAFA WERNER<\/td>\n<td style=\"text-align: center;\">18<\/td>\n<\/tr>\n<tr>\n<td style=\"text-align: center;\">123<\/td>\n<td style=\"text-align: center;\">JORGE SALES MARTINEZ<\/td>\n<td style=\"text-align: center;\">17<\/td>\n<\/tr>\n<tr>\n<td style=\"text-align: center;\">124<\/td>\n<td style=\"text-align: center;\">ALEJANDRO POZUELO MARTIN<\/td>\n<td style=\"text-align: center;\">16<\/td>\n<\/tr>\n<tr>\n<td style=\"text-align: center;\">124<\/td>\n<td style=\"text-align: center;\">JUAN ZAPATA<\/td>\n<td style=\"text-align: center;\">16<\/td>\n<\/tr>\n<tr>\n<td style=\"text-align: center;\">126<\/td>\n<td style=\"text-align: center;\">PABLO CERD\u00c1 MARTINEZ<\/td>\n<td style=\"text-align: center;\">14<\/td>\n<\/tr>\n<tr>\n<td style=\"text-align: center;\">127<\/td>\n<td style=\"text-align: center;\">JUAN MARTINEZ ROMERO<\/td>\n<td style=\"text-align: center;\">13<\/td>\n<\/tr>\n<\/tbody>\n<\/table>\n<p>SE LE ASIGNAR\u00c1 UN FIJO DE PUNTOS A CADA JUGADOR SEG\u00daN LA CATEGOR\u00cdA. <\/p>\n<p>CAT. MASTER   = 90 PUNTOS <br \/>\nCAT. HONOR    = 70 PUNTOS <br \/>\n1\u00aa CATEGORIA = 50 PUNTOS <br \/>\n2\u00aa CATEGORIA = 30 PUNTOS <br \/>\nVETERANOS 1\u00aa = 40 PUNTOS <br \/>\nVETERANOS 2\u00aa = 30 PUNTOS <br \/>\n3\u00aa CATEGORIA = 10 PUNTOS <\/p>\n<p>SE OTORGAR\u00c1 LA SUMA DE 1 PUNTO EN ORDEN INVERSO A LA CLASIFICACI\u00d3N OBTENIDA EN CADA CATEGOR\u00cdA. <br \/>\nAS\u00cd PUES, EN UNA CATEGOR\u00cdA DE 14 JUGADORES, OBTENDR\u00c1 1 PUNTO EL \u00daLTIMO CLASIFICADO, 2 PUNTOS EL <br \/>\nPEN\u00daLTIMO, Y AS\u00cd SUCESIVAMENTE HASTA EL PRIMERO QUE CONSEGUIR\u00cdA 14 PUNTOS. <br \/>\nADEM\u00c1S SE BONIFICAR\u00c1 AL CAMPE\u00d3N Y SUBCAMPE\u00d3N DE CADA CATEGOR\u00cdA CON: <br \/>\nCAMPE\u00d3N = 3 PUNTOS <br \/>\nSUBCAMP = 1 PUNTO <br \/>\nIGUALMENTE SE ASIGNAR\u00c1N 5 PUNTOS POR PARTICIPAR EN TORNEOS ORGANIZADOS POR LA ASOCIACION DE TENIS <br \/>\nLAS TORRES ( 12 HORAS, DOBLES, TROFEO FIESTAS, ETC.), BONIFICANDO 1 PUNTO POR RONDA. <br \/>\nAL CAMPE\u00d3N SE LE DAR\u00c1N 2 PUNTOS M\u00c1S, Y AL SUBCAMPE\u00d3N, 1 PUNTO M\u00c1S. <br \/>\nS\u00d3LO COMPUTAR\u00c1N LOS DOS \u00daLTIMOS A\u00d1OS, REST\u00c1NDOSE LOS PUNTOS DE LOS A\u00d1OS ANTERIORES. <br \/>\nPARA APARECER EN EL RANKING SE DEBE HABER PARTICIPADO AL MENOS EN UNA DE LAS DOS ULTIMAS LIGAS.\t\t\t\t\t\t\t\t<\/p>\n","protected":false},"excerpt":{"rendered":"<p>N\u00ba JUGADOR Total Ptos. 1 ABEL GARCIA LOPEZ 227 2 JUAN SALVADOR PARRAGA 214 3 FCO. GINES INIESTA MAYOL 207 4 MANOLO NAVARRO LIDON 206 5 JUSTO MU\u00d1OZ MENGUAL 202 6 JOSE TOMAS BLAYA VIVO 200 6 ROMAN MARTI DIAZ 200 8 ALFONSO GAMBIN G\u00d3MEZ 194 8 PACO RUIZ SANCHEZ 194 10 PASCUAL MERO\u00d1O MARTINEZ &hellip; <a href=\"https:\/\/tenislastorres.com\/tenis\/clasificacion-2016\/\" class=\"more-link\">Seguir leyendo <span class=\"screen-reader-text\">clasificaci\u00f3n 2016<\/span> <span class=\"meta-nav\">&rarr;<\/span><\/a><\/p>\n","protected":false},"author":1,"featured_media":0,"parent":0,"menu_order":0,"comment_status":"closed","ping_status":"closed","template":"","meta":{"footnotes":""},"class_list":["post-2617","page","type-page","status-publish","hentry"],"_links":{"self":[{"href":"https:\/\/tenislastorres.com\/tenis\/wp-json\/wp\/v2\/pages\/2617","targetHints":{"allow":["GET"]}}],"collection":[{"href":"https:\/\/tenislastorres.com\/tenis\/wp-json\/wp\/v2\/pages"}],"about":[{"href":"https:\/\/tenislastorres.com\/tenis\/wp-json\/wp\/v2\/types\/page"}],"author":[{"embeddable":true,"href":"https:\/\/tenislastorres.com\/tenis\/wp-json\/wp\/v2\/users\/1"}],"replies":[{"embeddable":true,"href":"https:\/\/tenislastorres.com\/tenis\/wp-json\/wp\/v2\/comments?post=2617"}],"version-history":[{"count":2,"href":"https:\/\/tenislastorres.com\/tenis\/wp-json\/wp\/v2\/pages\/2617\/revisions"}],"predecessor-version":[{"id":2619,"href":"https:\/\/tenislastorres.com\/tenis\/wp-json\/wp\/v2\/pages\/2617\/revisions\/2619"}],"wp:attachment":[{"href":"https:\/\/tenislastorres.com\/tenis\/wp-json\/wp\/v2\/media?parent=2617"}],"curies":[{"name":"wp","href":"https:\/\/api.w.org\/{rel}","templated":true}]}}