{"id":2,"date":"2010-07-29T10:46:16","date_gmt":"2010-07-29T10:46:16","guid":{"rendered":"http:\/\/tenislastorres.com\/tenis\/?page_id=2"},"modified":"2025-07-31T08:54:47","modified_gmt":"2025-07-31T07:54:47","slug":"acerca-de","status":"publish","type":"page","link":"https:\/\/tenislastorres.com\/tenis\/acerca-de\/","title":{"rendered":"Asociaci\u00f3n"},"content":{"rendered":"<p>El Acta FUNDACION DE LA ASOCIACION DE TENIS LAS TORRES (ATT) se firma el\u00a0<strong>2 de Junio de 1995<\/strong>\u00a0en Las Torres de Cotillas, ante el Notario Salvador Montesinos Garc\u00eda, del Ilustre Colegio de Albacete.<\/p>\n<p>El objetivo de esta asociaci\u00f3n es el fomento y pr\u00e1ctica de actividades f\u00edsico deportivas, sin \u00e1nimo de lucro, principalmente el tenis, teniendo su domicilio en el Polideportivo Municipal de Las Torres de Cotillas, lugar donde desarrolla sus torneos al no disponer de instalaciones propias. \u00c9sta se regir\u00e1 por los Estatutos de la Real Federaci\u00f3n Espa\u00f1ola de Tenis, que aprobados por sus fundadores, deciden constituir la siguiente Junta Directiva:<\/p>\n<ul>\n<li><em>Presidente<\/em>:\u00a0<strong>Jos\u00e9 Zapata P\u00e9rez<\/strong><\/li>\n<li><em>Secretario<\/em>:\u00a0<strong>C\u00e1ndido Osorio de la Parte<\/strong><\/li>\n<li><em>Tesorero<\/em>:\u00a0\u00a0\u00a0<strong>Jos\u00e9 Mart\u00ednez Navarro<\/strong><\/li>\n<li><em>Vocales<\/em>:\u00a0 Francisco L\u00f3pez Planes,\u00a0 Jos\u00e9 Fuentes L\u00f3pez, Faustino Fern\u00e1ndez Hurtado y Carlos L\u00f3pez Prefasi.<\/li>\n<\/ul>\n<p>Esta Asociaci\u00f3n es inscrita en el Registro de Clubes y Asociaciones Deportivas de la Direcci\u00f3n General de Juventud y Deportes con el n\u00ba\u00a0<strong>1338<\/strong>, con fecha 2 de noviembre de 1995, al igual que se inscribe en el Registro de Entidades Jur\u00eddicas del Ministerio de Econom\u00eda y Hacienda con el C.I.F.\u00a0<strong>G-73095713<\/strong>.<\/p>\n<p>Inicialmente se fija una cuota anual de 1200 pesetas, siendo 25 el n\u00famero de socios colaboradores.<\/p>\n<p>Los fundadores organizaron en 1991, a\u00fan sin constituir como asociaci\u00f3n, la\u00a0<strong>1\u00aa Liga de Regularidad<\/strong>\u00a0<strong>de Tenis<\/strong>\u00a0con la participaci\u00f3n de 30 tenistas, divididos en 3 categor\u00edas, siendo Ignacio Aliaga Ortol\u00e1 \u2013Nacho- el vencedor, Juan P\u00e9rez de Lema el subcampe\u00f3n y Francisco Jos\u00e9 Garc\u00eda \u2013Fran- el 3\u00ba clasificado. Ese mismo a\u00f1o se disput\u00f3 las \u201c<strong>I 12 horas de Tenis\u201d,\u00a0<\/strong>as\u00ed como el\u00a0<strong>1\u00ba torneo de Dobles<\/strong>\u00a0<strong>Masculino<\/strong>. El Excmo. Ayuntamiento de Las Torres de Cotillas siempre ha colaborado en el desarrollo de cuantos campeonatos se han desarrollado, excepto de 1997 a 2000, que fue la Concejal\u00eda de Deportes quien organiz\u00f3 todo evento relacionado con el Tenis en nuestro pueblo, mientras la Asociaci\u00f3n ces\u00f3 en todas sus actividades deportivas.<\/p>\n<p>Llegado el 29 de Agosto de 2000, y coincidiendo con la entrada al Consistorio Municipal del nuevo equipo de gobierno, se elige la nueva Junta Directiva con el \u00e1nimo de retomar el pulso del tenis en Las Torres de Cotillas, y siempre con el compromiso de la Concejal\u00eda de Deportes del Ayuntamiento.<br \/>\nLa Junta Directiva qued\u00f3 compuesta por:<\/p>\n<ul type=\"disc\">\n<li><em>Presidente<\/em>:\u00a0<strong>C\u00e1ndido Ossorio de la Parte<\/strong><\/li>\n<li><em>Tesorero<\/em>:\u00a0<strong>Jos\u00e9 Mart\u00ednez Navarro<\/strong><\/li>\n<li><em>Secretario<\/em>\u00a0:\u00a0<strong>Jos\u00e9 Manuel Villa Mtez<\/strong>.<\/li>\n<li><em>Vocales<\/em>\u00a0: Paco L\u00f3pez Planes, Bartolo Ot\u00e1lora Alvarez, Pascual Mero\u00f1o Mart\u00ednez, Juan Miguel Mart\u00ednez V\u00edlchez, Pablo Murciano Herrera, Alejandro Pozuelo Mart\u00edn, Jos\u00e9 Fern\u00e1ndez S\u00e1nchez,\u00a0 Faustino Fern\u00e1ndez Hurtado y Manolo Yag\u00fces.<\/li>\n<\/ul>\n<p>Ese mismo a\u00f1o la Asociaci\u00f3n de Tenis Las Torres organiza la\u00a0<strong><em>X Liga de Tenis<\/em><\/strong>, as\u00ed como las olvidadas\u00a0<strong><em>12 horas de Tenis<\/em><\/strong>\u00a0y el\u00a0<strong><em>Torneo de Dobles Masculino<\/em><\/strong>.<\/p>\n<p>En 2002 la Asociaci\u00f3n participa en el Campeonato Regional de Veteranos + 35 a\u00f1os,\u00a0 formando el equipo, entre otros: Blas Ruip\u00e9rez, Pedro Bermejo, C\u00e1ndido Osorio, Joaqu\u00edn Cano, Paco L\u00f3pez Planes, Jos\u00e9 Zapata, Salvador L\u00f3pez, Juli\u00e1n Cutillas, Pepe Mart\u00ednez, Roque Guill\u00e9n, Alejandro Pozuelo\u2026<\/p>\n<p>Asimismo, la Asociaci\u00f3n consigue la obtenci\u00f3n de 56 licencias federativas entre sus 80 afiliados y mantener el grado de actividad al m\u00e1ximo, toda vez que el frontenis se vincul\u00f3 a esta asociaci\u00f3n, donde tambi\u00e9n se pod\u00edan beneficiar de las ventajas que la Concejal\u00eda de Deportes ten\u00eda a bien concedernos.<\/p>\n<p>Ya en Febrero de 2004, y aduciendo problemas personales, presenta la dimisi\u00f3n C\u00e1ndido Osorio.<\/p>\n<p>El 29 de Mayo de 2004, y en Asamblea Extraordinaria, es elegido presidente, Juli\u00e1n Cutillas, convirti\u00e9ndose as\u00ed en el 3\u00ba Presidente de la Asociaci\u00f3n desde su fundaci\u00f3n. La Junta Directiva queda conformada de la siguiente forma:<\/p>\n<ul type=\"disc\">\n<li><em>Presidente<\/em>:\u00a0<strong>Juli\u00e1n Cutillas Hern\u00e1ndez<\/strong><\/li>\n<li><em>Secretario<\/em>:\u00a0<strong>Javier Barranco Hern\u00e1ndez<\/strong><\/li>\n<li><em>Tesorero<\/em>:\u00a0<strong>Jos\u00e9 Mart\u00ednez Navarro<\/strong><\/li>\n<li><em>Vocales<\/em>: Jos\u00e9 Fern\u00e1ndez S\u00e1nchez, Juan Jos\u00e9 S\u00e1nchez Navarro, Pedro Bermejo Montoso, Bartolo Ot\u00e1lora Alvarez y Pablo Murciano Herrera.<\/li>\n<\/ul>\n<p>Durante los siguientes a\u00f1os la Asociaci\u00f3n de Tenis fue perdiendo presencia entre las actividades deportivas en nuestro pueblo, al igual que los socios se alejaron desmotivados tanto de la Asociaci\u00f3n como de la pr\u00e1ctica del Tenis.<\/p>\n<p>Emergieron las diferencias entre la Concejal\u00eda de Deportes y algunos miembros de la Asociaci\u00f3n de Tenis Las Torres, lo que motiv\u00f3 la renuncia a toda organizaci\u00f3n deportiva por parte de la Asociaci\u00f3n. El 8 de Enero de 2008 Juli\u00e1n Cutillas presenta su dimisi\u00f3n al no contar con la confianza de una amplia mayor\u00eda de los asociados.<\/p>\n<p>El 15 de Febrero de 2008 se elige al nuevo Presidente y su Junta Directiva quedando de la siguiente manera:<\/p>\n<ul type=\"disc\">\n<li>Presidente:\u00a0<strong>Francisco L\u00f3pez Planes<\/strong><\/li>\n<li>Vicepresidente:\u00a0<strong>Pascual Mero\u00f1o Mart\u00ednez<\/strong><\/li>\n<li>Secretario:\u00a0<strong>Julio L\u00f3pez Llamas<\/strong><\/li>\n<li>Tesorero:\u00a0<strong>Jos\u00e9 Mart\u00ednez Navarro<\/strong><\/li>\n<li>Vocales: Jos\u00e9 Fern\u00e1ndez S\u00e1nchez, Blas Ruip\u00e9rez Hern\u00e1ndez, Bartolo Ot\u00e1lora Alvarez y Jos\u00e9 Aledo F\u00e9rez.<\/li>\n<\/ul>\n<p>Magn\u00edfica labor de <strong>Paco Planes<\/strong> y su <strong>Junta Directiva<\/strong> al frente de la ATT, quien la coge inmersa en problemas y la deja a pleno funcionamiento con 107 socios, recuperando los campeonatos que desde hac\u00eda alg\u00fan tiempo dejaron de disputarse.<\/p>\n<p>El 1 de Marzo de 2012 se celebran nuevas elecciones a la Presidencia, y es elegido Jos\u00e9 Mart\u00ednez Navarro, con energ\u00edas renovadas y con la pretensi\u00f3n de seguir manteniendo al m\u00e1ximo nivel el colectivo del Tenis en Las Torres de Cotillas.<br \/>\nAs\u00ed queda formada su Junta Directiva:<\/p>\n<ul>\n<li>Presidente: <strong>Jos\u00e9 Mart\u00ednez Navarro<\/strong><\/li>\n<li>Secretario: <strong>Julio L\u00f3pez LLamas<\/strong><\/li>\n<li>Tesorero: <strong>Pedro Angel Sales Mart\u00ednez<\/strong><\/li>\n<li>Vocales: <strong>Pepe Fern\u00e1ndez S\u00e1nchez, Paco L\u00f3pez Planes, C\u00e1ndido Osorio de la Parte, Bartolo Ot\u00e1lora \u00c1lvarez y Pablo de la Calle Mas<\/strong><\/li>\n<\/ul>\n<p style=\"text-align: justify;\">En la actualidad, <strong><span style=\"color: #ff0000;\"><em>la Asociaci\u00f3n de Tenis Las Torres<\/em><\/span><\/strong> cuenta con 147 socios, &#8211; la mayor\u00eda integrantes de Liga de Tenis-, y sigue organizando, la <span style=\"color: #ff0000;\"><em>Liga de Tenis<\/em><\/span>, las <span style=\"color: #ff0000;\"><em>12 Horas de Tenis<\/em><\/span>, el <em><span style=\"color: #ff0000;\">Torneo Fiestas de Tenis<\/span><\/em>, el <em><span style=\"color: #ff0000;\">Torneo de Dobles<\/span><\/em>, adem\u00e1s de participar en el torneo <strong>Huertas Motor<\/strong> por equipos para Veteranos +35 a\u00f1os, as\u00ed como en el torneo de la <strong>CMTA<\/strong> por equipos absoluto.<\/p>\n","protected":false},"excerpt":{"rendered":"<p>El Acta FUNDACION DE LA ASOCIACION DE TENIS LAS TORRES (ATT) se firma el\u00a02 de Junio de 1995\u00a0en Las Torres de Cotillas, ante el Notario Salvador Montesinos Garc\u00eda, del Ilustre Colegio de Albacete. El objetivo de esta asociaci\u00f3n es el fomento y pr\u00e1ctica de actividades f\u00edsico deportivas, sin \u00e1nimo de lucro, principalmente el tenis, teniendo &hellip; <a href=\"https:\/\/tenislastorres.com\/tenis\/acerca-de\/\" class=\"more-link\">Seguir leyendo <span class=\"screen-reader-text\">Asociaci\u00f3n<\/span> <span class=\"meta-nav\">&rarr;<\/span><\/a><\/p>\n","protected":false},"author":1,"featured_media":0,"parent":0,"menu_order":0,"comment_status":"closed","ping_status":"closed","template":"","meta":{"footnotes":""},"class_list":["post-2","page","type-page","status-publish","hentry"],"_links":{"self":[{"href":"https:\/\/tenislastorres.com\/tenis\/wp-json\/wp\/v2\/pages\/2","targetHints":{"allow":["GET"]}}],"collection":[{"href":"https:\/\/tenislastorres.com\/tenis\/wp-json\/wp\/v2\/pages"}],"about":[{"href":"https:\/\/tenislastorres.com\/tenis\/wp-json\/wp\/v2\/types\/page"}],"author":[{"embeddable":true,"href":"https:\/\/tenislastorres.com\/tenis\/wp-json\/wp\/v2\/users\/1"}],"replies":[{"embeddable":true,"href":"https:\/\/tenislastorres.com\/tenis\/wp-json\/wp\/v2\/comments?post=2"}],"version-history":[{"count":4,"href":"https:\/\/tenislastorres.com\/tenis\/wp-json\/wp\/v2\/pages\/2\/revisions"}],"predecessor-version":[{"id":3554,"href":"https:\/\/tenislastorres.com\/tenis\/wp-json\/wp\/v2\/pages\/2\/revisions\/3554"}],"wp:attachment":[{"href":"https:\/\/tenislastorres.com\/tenis\/wp-json\/wp\/v2\/media?parent=2"}],"curies":[{"name":"wp","href":"https:\/\/api.w.org\/{rel}","templated":true}]}}